2*n + 150, -3*n = d*h - 373. What is the remainder when h is divided by c?
25
Suppose -6*c = -123 - 657. Calculate the remainder when c is divided by 58.
14
Suppose -2*x - 366 = -w, 3*w + x = -281 + 1351. Calculate the remainder when w is divided by 63.
43
Let l = 184 + -356. Let b = l - -246. What is the remainder when b is divided by 960/36 + 4/(-6)?
22
Let v(j) = -j + 1. Let x be v(-12). Calculate the remainder when 21 is divided by x/(1/(-4)*16/(-4)).
8
Let x be (-3)/(3/2) + 20. Suppose 2*r + 12 = x. Calculate the remainder when r is divided by 1.
0
Suppose -113*w = -126*w + 1274. Calculate the remainder when w is divided by 20.
18
Suppose -20 = j - 63. Suppose -b = -4*b - 330. What is the remainder when j is divided by (-6)/15*b/2?
21
Suppose 0 = -o + 3, 2*v - 28 - 9 = -3*o. Let d(a) = -2*a**3 + 2*a**2 - 33*a - 103. What is the remainder when d(-3) is divided by v?
12
Let o = 297 + -275. What is the remainder when 127 is divided by o?
17
Suppose 5*h = 7*h + 48. Let a be (-14)/4*h/28. Calculate the remainder when 25 is divided by (26/a)/((-28)/(-42)).
12
Suppose y - 31 = 5*c, 2*c - 3*c = -5*y + 203. Suppose 89*v = -4*a + 90*v + 57, 0 = 4*a + 3*v - 69. Calculate the remainder when y is divided by a.
11
Let p = -35 + 84. Let i = p - 42. What is the remainder when 34 is divided by i?
6
Let n(w) = -2*w + 8. Let z(y) = -2*y**2 + 14*y. Let o be z(7). Calculate the remainder when n(o) is divided by 2.
0
Let i(b) = -7*b - 11 - 76*b + 20*b. Calculate the remainder when i(-1) is divided by 27.
25
Let p(w) = -3*w - 3. Let s(n) = -n - 1. Let j(f) = 2*p(f) - 5*s(f). Calculate the remainder when 8 is divided by j(-7).
2
Let u = 30 + -71. Let h = u - -62. What is the remainder when 36 is divided by h?
15
Suppose 88*q = 77*q + 1705. What is the remainder when q is divided by 79?
76
Suppose -2*z + 2*d = -190, 4*z - 2*d = 292 + 98. Let m(y) = 3*y - 25. Let a be m(-11). Let f = z + a. Calculate the remainder when f is divided by 15.
12
What is the remainder when 159 is divided by 2 + 296/20 - (-28)/(-35)?
15
Suppose 2*d + m = 115, 2*d + 173 = 5*d + m. Calculate the remainder when d is divided by 27/15*100/12.
13
Suppose -192 = -5*i + 4*k, -2*i + 101 = k + 19. What is the remainder when i is divided by 16?
8
Let w(k) = 11*k + 1. Let t(v) be the first derivative of v**2/2 + 2*v + 22. Calculate the remainder when w(2) is divided by t(10).
11
Let t(a) = 48*a - 194. Calculate the remainder when t(6) is divided by 36.
22
Let l = 1 - -15. Let m be (14/(-21))/((-40)/(-18) - 2). Calculate the remainder when (27/(-6))/(m/42) is divided by l.
15
Let b = 1 + 39. Calculate the remainder when 198 is divided by b.
38
Suppose 0*v - 12 = v. Let s = 7 - v. Calculate the remainder when 92 is divided by s.
16
Let x = -22 - -20. Let k = x - -35. What is the remainder when k is divided by 9?
6
Let a = 176 - -42. Calculate the remainder when a is divided by 28.
22
Suppose 0 = 2763*r - 2774*r + 2684. What is the remainder when r is divided by 13?
10
Suppose 0 = 2*o - 4*x + x - 61, -4*o = -4*x - 124. Let v = -9 + o. Calculate the remainder when 44 is divided by v.
21
Let x be 7/(14/(-20))*1. Calculate the remainder when 7 is divided by (16/x)/((-2)/5).
3
Let m = 763 + -612. What is the remainder when m is divided by 31?
27
Let v(l) = -l**3 - 8*l**2 + 5*l - 19. What is the remainder when 59 is divided by v(-9)?
8
Let w = -250 - -473. Calculate the remainder when w is divided by 15.
13
Calculate the remainder when (-18)/4*(-2 - 40) is divided by 16.
13
Let b(o) = o**2 - o - 7. Calculate the remainder when 321 is divided by b(5).
9
Suppose -y - 672 = -5*y. Suppose 2*w + 5*r - y = -2*w, 4*w + 2*r - 168 = 0. What is the remainder when 39 is divided by (-4)/14 + 600/w?
11
Let v(r) = r**2 + 7*r + 11. Let k = -9 + -1. Let d = 15 + k. Calculate the remainder when v(-8) is divided by d.
4
Let p(m) = -11*m. Let q be p(1). Let x(t) = -t**3 - 9*t**2 + 14*t - 14. What is the remainder when x(q) is divided by 25?
24
Suppose 208*s = 204*s + 12. Suppose 3*c - 90 = 57. Calculate the remainder when c is divided by (4/8)/(s/102).
15
Let x be 2/(1 - 2/4). Let j(h) = -12*h + 10. Let g be j(x). Calculate the remainder when 2/(-1 - 3)*g is divided by 11.
8
Let s(h) = 8*h - 16. Suppose 0 = -5*j + 4*k + 27, -k = -1 - 1. Let q = j - 0. Calculate the remainder when s(q) is divided by 7.
5
Suppose 21 - 12 = -3*l. Calculate the remainder when l/(12/16) + 21 is divided by 9.
8
Let n = 875 - 621. What is the remainder when n is divided by 32?
30
Let c = -597 + 618. Let g(m) = -2*m**3 - 2*m**2 + 3*m - 3. What is the remainder when g(-4) is divided by c?
18
Suppose 3*j = 7*j + 4*p - 2880, p = -4*j + 2874. What is the remainder when j is divided by 60?
58
Suppose -4*m - 2*d - 1 = -m, 0 = -5*m + d + 7. Calculate the remainder when m is divided by 1/((2 - 1)*1).
0
What is the remainder when 7230/9 + 2 + (-14)/6 is divided by 23?
21
What is the remainder when 190 is divided by (-11 - -31)*(-21)/(-15)?
22
Let h(n) = -3*n**3 - 6*n**2 - n + 2. Let x be h(-2). Let y(t) = 3*t**2 - 6*t + 1. What is the remainder when 98 is divided by y(x)?
23
Suppose -33*k = -20*k - 767. Calculate the remainder when 169 is divided by k.
51
Let v(w) = -13*w - 1. Let j be v(1). Let a = -12 - j. Suppose -a*s - 3*s + 160 = 0. Calculate the remainder when s is divided by 11.
10
Let u = -429 + 433. Let w be 11*((-2)/(-1) + 2). Suppose 3*s = 3*f + 142 + w, -u*s = -3*f - 249. What is the remainder when s is divided by 11?
8
Let s = 81 - 32. Let t = s + 22. Calculate the remainder when t is divided by 24.
23
Let o = -98 - -134. What is the remainder when 394 is divided by o?
34
Suppose 5*r - 73 = 3*x, 5*r + 3*x = -x + 101. Suppose -w - 2 = -3*p - 8, w = 3. Calculate the remainder when (-2)/p*(-67)/(-2) is divided by r.
16
Suppose 17*m = 19*m - 236. What is the remainder when m is divided by 20?
18
Suppose 0 = -4*u + 2*b + 3554, u + 0*b - 875 = -4*b. Calculate the remainder when u is divided by 74.
73
Suppose 2*g - 35 - 9 = 0. Let p(k) = -k**2 + 8*k + 2. Let b be p(6). What is the remainder when g is divided by (-24)/b*(-8 - -1)?
10
Let y(n) = -16*n + 4. Suppose -54*x + 56*x = 0. Calculate the remainder when y(-4) is divided by (40 - x) + -37 + 32.
33
Suppose 15*g - 2712 = -9*g. Calculate the remainder when g is divided by 58.
55
Let z(x) be the first derivative of x**4/4 + 8*x**3/3 - 3*x**2/2 - 15*x - 10. Calculate the remainder when 33 is divided by z(-8).
6
Suppose -122*o - 450 = -140*o. What is the remainder when 137 is divided by o?
12
Suppose 36 = 2*d + 4*d. Suppose 56*b = 55*b + d. Suppose -1 = 2*j - 5. Calculate the remainder when b is divided by j.
0
Suppose 3*c + 3*k + 7 = 1, -2*c + 3*k = 14. Calculate the remainder when ((-693)/36)/(1/c) is divided by 10.
7
Suppose 0 = 5*o - 0*o - 15. Suppose -w - t + 1 + o = 0, -3*w - 5*t + 8 = 0. What is the remainder when (w/(-15) - 0)*-85 is divided by 18?
16
Let t = -34 - -36. Suppose -t - 36 = -2*v. Calculate the remainder when v is divided by 5.
4
Let z = 132 + 0. Calculate the remainder when z is divided by 34.
30
Suppose -3*b - 7*j + 204 = -4*j, -4*b + 5*j + 227 = 0. Let a = -43 + b. What is the remainder when 57 is divided by a?
17
Let g = 81 + -59. Calculate the remainder when 130 is divided by g.
20
Suppose 219 - 249 = -3*i. Calculate the remainder when 207 is divided by i.
7
Let r(q) = -7*q**2 - q + 9. Let i be r(3). Let g = -42 - i. Calculate the remainder when 27 is divided by g.
12
Suppose -4*c + 2*x + 0*x = 8, -5*c + 3*x = 12. Suppose -3*q = -c*q - 5*m - 37, 0 = -4*m - 8. What is the remainder when 34 is divided by q?
7
Suppose -5*x + r + 4 = -14, 4*r + 18 = 2*x. Suppose -2*j - i = -28, -39 = 5*j - 4*i - 109. What is the remainder when j is divided by x?
2
Suppose -120 = 4*z - 9*z. Let f be -5*z/(-20)*3. Calculate the remainder when 9 is divided by ((-9)/f)/((-2)/20).
4
Let w = 75 + -5. Suppose 0 = -5*n + 33*v - 35*v + 108, -4*v = -16. Calculate the remainder when w is divided by n.
10
Let g(s) = -87*s - 2209. Suppose 74 = 3*i - i + 4*k, 0 = -3*i + 5*k + 56. What is the remainder when g(-26) is divided by i?
26
Calculate the remainder when 105 is divided by -1*((-48)/(-6) + -39).
12
Let g(k) = -2*k - 7. Let m be g(-6). Suppose -m*l = -y - l + 55, 0 = -2*y + 3*l + 120. Let f = 49435 + -4